h**2 - 59*h + 51. List the prime factors of b(c).
3, 307
Let y be -2*((-3)/(-2) - (0 + 4)). Suppose 7*f + 10 = 5*f, y*j - f - 75 = 0. Suppose 0 = 3*w - 5*b - 58, 0*w + w = -b + j. List the prime factors of w.
2
Suppose -12*g + 11 = -61. What are the prime factors of (-100)/g*((-58)/5 + -1)?
2, 3, 5, 7
Let p(f) = f**3 - 10*f**2 - 23*f - 15. Let r be p(12). Let y be (16/24 + 2*-1)*r. List the prime factors of 1045/7 + 2/(-7) - y.
5, 29
List the prime factors of -4 - -6445 - -1*(12 - 11).
2, 3221
Suppose -58*v + 87*v = -50*v + 4751060. List the prime factors of v.
2, 5, 31, 97
Suppose 0*v = -15*v + 30. Suppose -m = d - v*m - 92, d - 4*m = 89. Suppose 0 = 3*i - 4*y - 281, -2*y - d + 285 = 2*i. What are the prime factors of i?
5, 19
Let a(y) = 510*y**2 + 3*y - 26. List the prime factors of a(-5).
71, 179
Suppose -524 = -i + 4*k, -i - 3*k + 117 = -414. Suppose 4*o = 2*w - i, 4*w - 1083 = -9*o + 8*o. What are the prime factors of w?
2, 3, 5
Suppose -309130 = -61*a + 36984. What are the prime factors of a?
2, 2837
Let u(w) = -w**3 + 42*w**2 + 8*w - 38. Let k(c) = 21*c**2 + 4*c - 19. Let a(j) = -5*k(j) + 2*u(j). What are the prime factors of a(-14)?
1447
Suppose -w = -5, -71*w = -2*q - 66*w + 46821. What are the prime factors of q?
59, 397
Suppose 4*p = -2*f - 20, -11*f + 14*f + p = -5. Suppose -11*j + 46 + 361 = f. List the prime factors of j.
37
Let q = 29 + -25. Suppose 0*m + m + q*a - 5 = 0, 2 = m + 3*a. Let f(c) = -4*c - 18. What are the prime factors of f(m)?
2, 5
Let d(a) = 6*a**3 - 4*a**2 + 31. Let s be d(6). Let v = s - 689. What are the prime factors of v?
2, 13, 19
Let u(g) be the first derivative of -19*g**5/30 + g**4/12 + 17*g**3/3 - 24. Let d(r) be the third derivative of u(r). List the prime factors of d(-1).
2, 3, 13
Suppose 3*m - 6 - 84 = 0. Suppose 30*d - 29*d = 477. What are the prime factors of m/(-75) - d/(-5)?
5, 19
Suppose 5*m - 45 = z, -4*m - 4*z = -3*m - 9. Suppose 5*a + 8 = m*a. Suppose -5*u + g + 272 = 0, -a*u - 4*g = -7*g - 114. List the prime factors of u.
2, 3
Let k be 165/(-12) - (-4)/(-16). Let y = 19 + k. List the prime factors of 21 - ((y - 4) + -2).
2, 11
Let g(b) be the first derivative of -3*b**5/40 + 5*b**4/8 + 19*b**3/3 + 5. Let l(p) be the third derivative of g(p). List the prime factors of l(-4).
3, 17
Let d(a) = -29 - 42*a - 21 + 21. List the prime factors of d(-5).
181
Suppose -404*l + 17602638 = -1920848 - 5165762. List the prime factors of l.
2, 7639
Let g = 5447 - 4354. What are the prime factors of g?
1093
Let c = 452 + -531. What are the prime factors of (-76 - c)/(1/269 - 0)?
3, 269
Let a be 3 - (1/2 - 21/14). List the prime factors of (21/a)/((-3)/(-16)).
2, 7
Suppose 0 = 25*r - 0*r - 13275. Suppose -4*s + c + 2064 = -3*c, 0 = -s - 2*c + r. What are the prime factors of s?
521
Let j(k) = k**3 + 13*k + 4. Let w be j(6). Let i = w - 192. Suppose 2*b - i = -5*z, 5*b = 5*z - 9*z + 78. List the prime factors of z.
2, 11
Let c(x) = 20 + 0*x + 0*x + 6*x - 2*x. Let m be c(-4). Suppose 4*t = -4*v + 3*v + 109, 4*t = -m*v + 388. What are the prime factors of v?
3, 31
Let b(x) = 22*x**2 + 85*x + 1138. List the prime factors of b(-22).
2, 37, 67
Let u be 2/(-1) + 3/((-12)/(-100)). Let p(f) = -f**3 + 22*f**2 + 29*f - 9. What are the prime factors of p(u)?
3, 43
Suppose -n = 2*n - 2*v + 42, -5*v + 75 = -5*n. Let g be (-231)/2*((-40)/n)/(-5). Suppose -g*f + 80*f - 60 = 0. What are the prime factors of f?
2, 5
Suppose -5*c = 4*q - 3 - 15, -5*q = 4*c - 27. Suppose 0 = -q*s + 3633 + 448. What are the prime factors of s?
11, 53
Let r be (-3)/(-9) - (-1 - 12/(-9)). Suppose c - z + 818 = r, -4*c + 3*z + 1693 = 4966. What are the prime factors of c/(-26) + 2/4?
2
What are the prime factors of (0 + 44266)*(-76*5/(-40) - 9)?
22133
List the prime factors of ((-7)/(-3))/(189/4134807).
51047
Suppose 0 = 70*x - 82*x + 58464. List the prime factors of x.
2, 3, 7, 29
Let n(c) = -25*c - 206. Let f be n(-12). Let i(y) = 17*y + 1. Let s be i(3). Let d = s + f. What are the prime factors of d?
2, 73
List the prime factors of (96/60)/(-8) - 51093/(-15).
2, 13, 131
Let d(l) = -l - 4. Let c be d(-8). Suppose i + c*u = -38, 4*i + 142 = -i - 4*u. Let a = i + 44. What are the prime factors of a?
2, 3
Let w(l) = -9*l**2 + 33*l - 6. Let g be w(5). What are the prime factors of (-82)/(24/16*4/g)?
2, 11, 41
Let f(q) = -751*q - 31. Let r(h) = -h**2 + 2. Let y be r(2). List the prime factors of f(y).
1471
Let r = -24487 - -60920. List the prime factors of r.
36433
Let i(n) = n**3 + 10*n**2 - 20*n - 13. Let t be i(-9). Suppose -5*g = 4*r + 600, -368 = 2*g + g + 4*r. Let o = g + t. What are the prime factors of o?
2, 3, 11
Suppose 167*f - 153*f - 210392 = 0. What are the prime factors of f?
2, 13, 17
Suppose -3*q + 5*s = 2571 - 34282, 3*q - 31739 = -2*s. List the prime factors of q.
7, 1511
Let q be 2/(4*(4 + 115/(-30))). Suppose -9*v = q*v - 852. List the prime factors of v.
71
Let s(j) = 3885*j - 573. What are the prime factors of s(15)?
2, 3, 59, 163
What are the prime factors of -3 + 0 - 7000/(-5)*3?
3, 1399
What are the prime factors of -2 + (6 - 16) + 14942?
2, 5, 1493
Let x = -305 - -297. List the prime factors of x/(-12) - (-5376)/9.
2, 13, 23
Suppose u = 20*u. What are the prime factors of (u - 34)*(-756)/24?
3, 7, 17
Suppose 39 = -710*y + 713*y. Suppose y*i = 2*i + 7095. What are the prime factors of i?
3, 5, 43
Let s be (-2 - (-10)/3)/((-14)/(-63)). What are the prime factors of s + -11 - (-1)/1*709?
2, 11
Let u be (96/60)/(4/(-10)). What are the prime factors of 117/(-2)*(-2)/u*-4?
3, 13
Suppose 35516 = -31*x + 182549. What are the prime factors of x?
3, 17, 31
Let x(c) = -c**3 - 30*c**2 - 41*c - 27. Let h be x(-29). Let z = 868 - h. Suppose 7*s = z + 13. List the prime factors of s.
2, 5
Suppose -2*t = 13*b - 8*b - 44283, 4*t = -b + 88503. What are the prime factors of t?
2, 5531
Let l(b) = b**2 - 2*b + 2. Let u be -5*(-2)/10 - -2. Let p be l(u). List the prime factors of 12/30*(p - 0).
2
Suppose 15*z = -8*z + 114133 + 42520. List the prime factors of z.
7, 139
Suppose -3*n + 225 = 4*t, -81 = -n + 5*t + 13. Suppose 18*c - 2693 = n. List the prime factors of c.
2, 7, 11
Let i(p) be the third derivative of -p**4/4 - 9*p**3/2 - 27*p**2. Let g be i(-4). What are the prime factors of (7 + g - 206)/(-1)?
2, 101
Let g = -66038 + 110792. What are the prime factors of g?
2, 3, 7459
Let q(t) = -1205*t + 1117. What are the prime factors of q(-8)?
31, 347
List the prime factors of (63132615/(-2730))/(1/(-4) + (-1)/8).
2, 3, 571
Let n(y) = -3*y - 27. Let a be n(-13). Let d be (-2)/(a/9 - 2). Suppose 4*o + 2*g - d*g - 454 = 0, -o - g = -111. List the prime factors of o.
113
Let f = 1659 - -11631. What are the prime factors of f?
2, 3, 5, 443
Let i(n) be the third derivative of n**4/6 + 9*n**3 - 2*n**2. Let o be i(8). What are the prime factors of (o/(-5))/((-20)/50)?
43
Suppose -57*n = -0*n - 367623 - 2086227. List the prime factors of n.
2, 3, 5, 7, 41
Let l = 349 - 318. What are the prime factors of (l/4)/((35/(-7))/(-460))?
23, 31
Let y(m) = m**3 + 17*m**2 - 23*m - 24. Let k be y(-16). Let p = k - 361. What are the prime factors of p?
239
Let l = -125 - -130. Suppose 5*i - 2*c = -4*c + 2605, 0 = -l*c. List the prime factors of i.
521
Let a(k) = 16*k**2 + 17*k + 102. Let m be a(-5). Suppose -5*p - 104 = 4*j, -3*p + 5*p - 3*j + 37 = 0. List the prime factors of ((m/2)/(-3))/(p/40).
139
Let y = 153 - -74. Let q = y - 145. Let g = q + -48. What are the prime factors of g?
2, 17
Suppose 35*s - 38*s = -228. Let x = 75 - s. Let l(z) = 137*z**2 - z - 1. List the prime factors of l(x).
137
Let b be (1 - 1)*(-2)/32*8. Suppose b = -116*t + 118*t - 1836. List the prime factors of t.
2, 3, 17
Suppose -2*i - 4 = -0*y - 5*y, 2*i = y - 4. Let u be (9 + -8)*i/4*0. Suppose 6*b + u*b = 438. List the prime factors of b.
73
Let q = -58050 + 89414. List the prime factors of q.
2, 7841
Let i(q) = -63*q**3 - 4*q**2 - 48*q - 307. List the prime factors of i(-6).
5, 2689
Suppose 4*w - 8 = -4*q, -9 = -4*w - 3*q + 4. Let l be 1 - (0/(-2) - 69). Let g = l + w. List the prime factors of g.
7, 11
Let c(j) = -2*j**3 + 29*j**2 + 68*j + 1. List the prime factors of c(-21).
2, 31, 241
Suppose 0 = 2*l + 2*q - 3796 + 1302, -30 = -5*q. What are the prime factors of l?
17, 73
Let t(